it of z?
4
Let i be 38/(-57) - 52/(-6). Suppose 2*w - 186 = -4*k, w - 2*k - 85 + i = 0. What is the units digit of w?
5
Let c be (-24)/(-6) + -1 - -2. Suppose c*o = 177 + 193. What is the units digit of o?
4
Let l(z) = 206*z**2 + 8*z - 80. Let a be l(7). Suppose 0*c - a = -19*c. What is the tens digit of c?
3
Suppose 0 = 22*x - 821 - 6263. Let r = x + -198. What is the units digit of r?
4
Let t(o) = o**2 + 4*o - 16. Let g be t(-7). Suppose -2*p + 176 = 4*y + 2*p, -214 = -g*y - 2*p. Suppose 30 = 2*i - y. What is the units digit of i?
6
Let t be (-24)/30*14*(-15)/(-6). Let k be (-12)/t - 9234/(-14). Suppose p + k = 6*p. What is the hundreds digit of p?
1
Let s(b) = 530*b**3 - 7*b**2 + 30*b - 67. What is the thousands digit of s(5)?
6
Suppose 7*y = y + 732. Suppose -x - 5*i = -2*i - 121, 0 = i - 3. Suppose 4*f = s + s + y, 4*f = 4*s + x. What is the tens digit of f?
3
Let y(k) = 116*k + 80. Let w be y(19). Suppose 3*f = 2*g - 1158, -43*f - w = -4*g - 45*f. What is the hundreds digit of g?
5
Suppose 853186 + 73982 = 25*s + 23*s. What is the hundreds digit of s?
3
Suppose -y + 5*y + 120 = 0. Let u = y + 32. Suppose 3*i = -7*s + 2*s + 281, -u*i + 224 = 4*s. What is the tens digit of s?
5
Let g = 4799 - 1606. What is the tens digit of g?
9
Let i(m) = 3*m**3 + m**2 - 5*m + 3. Let t be i(1). What is the units digit of t*-5*(-328)/(-20)*-1?
4
Suppose -3*x + 782 = -3*k - 18769, 4*k = 5*x - 32589. What is the tens digit of x?
2
Suppose 2*g = -2*g + 20. Let m(q) = -14*q - 124. Let l be m(-9). Suppose -4*u + 248 + 192 = g*t, -l*u + 176 = 2*t. What is the tens digit of t?
8
Suppose 12*h - 13*h + 15 = 5*k, -10 = -4*h + 5*k. Suppose 3*t - 5653 = -h*j, -2007 = -4*t - 5*j + 5532. What is the tens digit of t?
8
Let n = 59 + -417. Let z = n - -1262. What is the hundreds digit of z?
9
Suppose -2*o + 10 = 0, 3*u = 5*u - 4*o - 4264. Suppose 4*k - 3*z + 378 = u, -z = -5*k + 2205. What is the units digit of k?
1
Suppose 12*b - 554 = 14*b. Let t = 429 + b. Suppose -4*m - t = -548. What is the tens digit of m?
9
Let g be 5588/7 - 14/(-98)*-2. Suppose -5*a = 3*s - 1584, a = -s - 272 + g. What is the tens digit of s?
2
Let c = 428 - 438. What is the tens digit of (16/c)/(16/(-5080))?
0
Let z(b) = -5*b + 57. Let n be z(0). Let g = -54 + n. Suppose -3*p = 2*x - 428, -5*p + 680 = -2*x - g*x. What is the hundreds digit of p?
1
Let h be 6*10/(-20)*20/(-3). Suppose 0 = 11*q - h*q + 5940. What is the units digit of q?
0
Let z be 2 - -5 - (6 + -3 - -1). Suppose -3*t + z = 0, 4*u = t + 213 + 2090. What is the tens digit of u?
7
Let h be ((-4)/6)/1 + (-32110)/(-114). Let z = h + 95. What is the tens digit of z?
7
Let g(a) = 112*a - 87. Let l(y) = -331*y + 260. Let o(t) = 7*g(t) + 2*l(t). What is the thousands digit of o(14)?
1
Suppose -10*n = n - 5500. Let y(u) = -u**2 - 5*u + 8. Let x be y(-5). Suppose 3*h + n = x*h. What is the units digit of h?
0
Let h = 923 + -1308. Let l = -209 - h. What is the units digit of l?
6
Let n(c) = -42*c - 224. What is the tens digit of n(-50)?
7
Let f be (-6)/24 + (-2)/(-8). Suppose f = -11*o + 9*o + 10. What is the units digit of o/(4 + (-81)/21)?
5
Let v(a) be the first derivative of -a**4/6 - 35*a**3/6 - 3*a**2/2 - 6*a + 4. Let b(w) be the first derivative of v(w). What is the tens digit of b(-15)?
7
Let h be -33 - -24 - (0 - 2 - -7). Let y be ((-3)/9 - -1)*243. Let w = h + y. What is the tens digit of w?
4
Let a = 69 + -22. Let l = 23 - a. Let h = 40 + l. What is the tens digit of h?
1
What is the units digit of -10 + 3874521/68 + (-20)/16?
7
Let w(k) = k**2. Let n(v) = v**3 - 17*v**2 + 3*v - 18. Let g(z) = n(z) - 3*w(z). What is the units digit of g(20)?
2
Suppose 0 = -0*d - 3*d + 2*d. Suppose 3*t + 2*t - 20 = -5*l, 2*l - 4 = d. Suppose f = -5*v + 242, t*f - 141 = -v - 2*v. What is the units digit of v?
9
Let i(y) = 2329*y**3 + 4*y**2 - 3*y - 8. What is the tens digit of i(2)?
3
What is the hundreds digit of -1 + 7 - (-5504 + 31 + 33)?
4
Suppose -5*y + 5 = -0*y - 2*a, -4*y = 5*a - 37. Suppose 3*p + 6*t - 5*t = -64, -y*p = 4*t + 67. Let h = p + 55. What is the tens digit of h?
3
Let g(y) = 11597*y + 6981. What is the tens digit of g(5)?
6
Let h(b) = b**2 + 8*b - 38. Let n be h(8). Let q = 120 - n. What is the tens digit of q?
3
Let h(r) = 19*r**2 - 83*r - 126. What is the ten thousands digit of h(-26)?
1
Let f be (-42)/63 + 140/(-6). Let c be (1/(-2))/((-4)/816). Let o = c + f. What is the units digit of o?
8
Let r(h) = -6*h + 18. Let c be r(3). Let b be (-12)/(-9) + c - 144/27. What is the hundreds digit of (-2232)/(-16) + (-6)/b?
1
Let x = -3907 - -5196. What is the hundreds digit of x?
2
Let q(o) = 289*o**2 - 177*o + 7. What is the hundreds digit of q(-5)?
1
Let u(r) = 18*r**2 + 94*r - 668. What is the units digit of u(7)?
2
Suppose -55 = 5*x - 9*x + 5*o, 0 = x + o - 7. Let q(z) be the third derivative of -z**4/24 + 11*z**3/6 - 4*z**2. What is the units digit of q(x)?
1
Let q(o) = 354*o**2 - 18*o - 185. What is the thousands digit of q(-5)?
8
Suppose -2*q - 3*p + 78846 = 0, 23*q - 197153 = 18*q + 2*p. What is the tens digit of q?
2
Let x = 29 + -25. Suppose 0 = -x*h, -s = 8*h - 3*h + 10. What is the units digit of 2/s + (-452)/(-10)?
5
Let q be 1 - (-1 - 4)*74. Suppose -91*v = -86*v + 1200. Let t = v + q. What is the hundreds digit of t?
1
Let l = -52 + 58. Suppose 0 = 4*q + 2*t - 80, 3*q + 60 = l*q + 2*t. Suppose -2*i + 3*z - q = -223, i = -4*z + 74. What is the units digit of i?
4
Suppose -2*z - 11 = -z. What is the hundreds digit of 4 - (-10 - z)*(-217)/1?
2
What is the tens digit of (15/(-12) + 6)/(-1*(-1)/2264)?
5
Suppose 8 = -81*a + 85*a. Suppose 5*d - 2*w - 362 = 3*d, w + 366 = a*d. What is the tens digit of d?
8
Let z(i) = 2373*i**2 - 74*i + 266. What is the thousands digit of z(5)?
9
Let y = 6843 - 4072. What is the thousands digit of y?
2
Let d(c) = -4*c**3 - 2*c**2 - c + 5*c**3 - 5*c**2 + 11. Let t be d(9). Suppose 2*w - t = -22. What is the units digit of w?
1
Let q(t) = 8*t + 22. Let w be q(-3). Let b(r) = -7*r**3 - r. What is the tens digit of b(w)?
5
Let f(w) = -2*w**3 + 9*w**2 - 18*w + 6. Let t be f(2). Let q(b) = -3*b**3 - 15*b**2 - 20*b - 17. What is the tens digit of q(t)?
8
Let s be 2 + (4 - (2 - 3)). Suppose o - t + s = -o, -3 = 3*t. What is the units digit of -1 + 1 - -64 - o?
8
Let f be ((-23)/4)/(16/(-64)). Suppose 5*q - 92 = 2*p, -f*p + 24 = q - 22*p. What is the tens digit of q?
2
Let w(b) = 295*b + 8438. What is the hundreds digit of w(83)?
9
Let t(w) = 13*w**2 - 10*w - 150. What is the tens digit of t(-10)?
5
Suppose -k + 0 = -22. Suppose -k*n + 0*n + 1782 = 0. What is the tens digit of n?
8
Let o(y) = -99*y + 8. Let c(k) be the first derivative of -99*k**2/2 + 8*k + 8. Let x(f) = 6*c(f) - 5*o(f). What is the units digit of x(-2)?
6
Let k = -430 - -434. Suppose -2*o - k*w = -1966, w - 178 - 801 = -o. What is the tens digit of o?
7
Let j(g) = -g**3 + 3*g**2 + 2*g + 18. Let c be j(8). Let z = c - -487. Suppose -6*a = -3*a - z. What is the units digit of a?
7
Suppose -79*d = -80*d - 87. What is the tens digit of (-2 - 2 - d) + 5?
8
Suppose -s + 5*k = -37250, -3*s + 2*k = -3*k - 111700. What is the thousands digit of s?
7
Suppose -650 = 12*t - 2*t. What is the tens digit of (-3614)/t + (-2)/(-5)?
5
Let j = -9 + 41. Suppose -3*t - j + 32 = 0. Suppose -3*l = -5*o - 269, t*l + 4*o = -5*l + 399. What is the tens digit of l?
8
Let v(f) = 17028*f**2 - 657*f - 657. What is the units digit of v(-1)?
8
Let s(l) = -36*l**3 - 4*l**2 - 80*l - 437. What is the units digit of s(-6)?
5
Suppose 14*a - 1392 = 764. Let s = a - 149. What is the units digit of s?
5
What is the tens digit of (-11354)/(-56)*(195 + 1 + -4)?
2
Suppose 3*x - 1273 = -2*x - 2*f, -5*f + 1285 = 5*x. Let a = x - 181. What is the tens digit of a?
7
What is the thousands digit of (8648/40)/(9/45)?
1
Let h(i) = 3337*i**3 + 13*i**2 - 35*i - 4. What is the thousands digit of h(3)?
0
Let y(u) = -u**3 + 23*u**2 + 25*u - 13. Let h be y(24). Suppose -h*k + 456 = -5*k. What is the units digit of k?
6
Suppose 148*z = 133*z + 48885. What is the thousands digit of z?
3
Let o = 641 + -643. What is the hundreds digit of 2094/30*5/(-2)*o?
3
Let b(s) = -s**2 + 7*s - 5. Let z = 45 - 40. Let v be b(z). Suppose r - v*y = 100, -r - 4*r = y - 526. What is the tens digit of r?
0
Supp